est common divisor of i and 27?
3
Suppose -5*o + 20 = -0*o. Suppose -8*z = -o*z - 12. Suppose -5*r - 13 = u - 0*r, 0 = z*u - 3*r - 33. What is the highest common divisor of u and 49?
7
Suppose q + 0*j - 1 = 2*j, -3*j = -9. Let h be (-1474)/(-42) - ((-88)/(-42) - 2). What is the greatest common factor of h and q?
7
Let c be 2/(-6) + 2896/48. Suppose -8*t = -t - 105. What is the highest common factor of c and t?
15
Let g = 854 - 831. What is the highest common factor of g and 1886?
23
Let q = 208 - 148. What is the greatest common divisor of q and 20?
20
Let u = 365 - 236. Calculate the highest common divisor of 43 and u.
43
Suppose -23*s = -145 - 16. What is the highest common divisor of 21 and s?
7
Let z be 20*(-2)/(-8)*2. Let j be (-2)/(-5) + 66/z. Let d(s) = -s**3 - 12*s**2 + 25*s + 28. Let w be d(-14). What is the greatest common divisor of w and j?
7
Let c be (11/2)/(3/6). Suppose 7*b = 24*b - 187. Calculate the greatest common factor of b and c.
11
Suppose g + 1 = 6. Let h(p) = -p**3 - 30*p**2 + 30*p - 28. Let k be h(-31). Let a = k + g. What is the greatest common divisor of 8 and a?
8
Let f(d) = -d**3 - 10*d**2 - 22*d - 14. Let i be f(-8). What is the greatest common factor of 799 and i?
17
Let d be (-2442)/(-21) - (-8)/(-28). Suppose -d = -4*k + 4*x + 248, 3*k = x + 267. What is the highest common factor of 8 and k?
8
Let l(m) = 13*m - 17. Let z(g) = 7*g - 1 - 8 + 0. Let u(q) = -6*l(q) + 11*z(q). Let i be u(2). What is the highest common factor of i and 2?
1
Let w = 405 - 369. Calculate the highest common factor of 6 and w.
6
Let z(g) = -52*g + 26. Let l be z(-5). Calculate the highest common divisor of l and 26.
26
Let k be (-42 + 2)/(((-9)/(-51))/3). Let q be k/(-56) + 2/(-14). Calculate the greatest common factor of q and 30.
6
Suppose 42 = -6*u + 12*u. What is the greatest common divisor of u and 21?
7
Let p be ((-15)/6 - -2)*-4. Suppose 2*j - 80 + p = 0. Calculate the highest common factor of j and 13.
13
Let u be 12/9 + (-312)/(-9). Let f be u/(-54) + 170/3. What is the greatest common factor of 28 and f?
28
Let j(c) = c**3 - 5*c**2 - 3*c + 2. Let l be j(5). Let b = l - -73. Calculate the highest common factor of 24 and b.
12
Let p = 20 - 9. What is the greatest common factor of p and 99?
11
Let w = 279 - 167. Let y(v) = 11*v - 6. Let g(q) = 11*q - 5. Let m(c) = -3*g(c) + 2*y(c). Let z be m(-1). What is the highest common factor of z and w?
14
Let u = -21 - -86. Calculate the greatest common divisor of 13 and u.
13
Suppose -39*m = -12627 + 2955. What is the greatest common factor of 279 and m?
31
Suppose 0*y + 4*y = 36. Suppose -y = 2*l - 17. Let n be ((-3)/1)/(l/(-84)). What is the highest common factor of n and 7?
7
Suppose -5*o = -2*k - 1260, 26*o = 25*o - 2*k + 252. Calculate the greatest common divisor of 216 and o.
36
Let c(l) = 44*l - 156. Let z be c(27). What is the highest common divisor of z and 43?
43
Suppose -2*n - 12 = -4*u, -4*n - 36 = -60. Suppose y + 2 = r + 6*y, -3*r - y + 6 = 0. Suppose r = -5*p + 12. Calculate the greatest common divisor of u and p.
2
Let v(z) = z**3 - 2*z**3 + 60*z - 46*z - 15 + 11*z**2. Let n be v(12). Calculate the highest common factor of n and 36.
9
Suppose 58*h - 3500 = 44*h. What is the highest common divisor of 60 and h?
10
Let y = 36 - 9. Suppose 116 = -8*c - 172. Let n = -9 - c. Calculate the highest common divisor of y and n.
27
Let j be (-20)/(-15)*21 - (-4 + 2). What is the greatest common factor of j and 20?
10
Suppose 3*r = -0*r + 9. Suppose 5*g = l + 493, 0*g - r*l - 291 = -3*g. What is the greatest common divisor of 11 and g?
11
Suppose 2*k - 32 = -2*k. Let d = 652 - 388. Suppose -3*t + d = -0*t. Calculate the greatest common factor of k and t.
8
Let q = -48 - -128. Let p = -31 + 49. Suppose -2*s + p = 2*h, -5*s + h + 52 = -h. Calculate the greatest common divisor of q and s.
10
Let z(t) = t**2 + 2*t + 49. Let i be z(0). Suppose -4*f = -i - 31. What is the highest common divisor of f and 8?
4
Let y = -8 - -11. Suppose 5*t = 3*r - 50, -r - 2*r - y*t = -66. Suppose -51 = -f - q, 3*f + 2*q - 43 = 109. Calculate the highest common factor of r and f.
10
Suppose -r = 3*x - 9, 0*x + 21 = -r + 3*x. Let f be 22/(-33) - 508/r. Calculate the highest common factor of f and 21.
21
Suppose 0 = -2*q + 4*q - 22. Suppose 0 = v - q*v + 460. What is the greatest common divisor of v and 69?
23
Let k(v) = 22*v - 774. Let m be k(38). Calculate the highest common divisor of 1333 and m.
31
Let o(f) = 235*f**3 + f**2 + 4*f - 5. Let n be o(1). Calculate the highest common divisor of 47 and n.
47
Let m(d) = -24*d**3 + 4*d**2 - 35*d - 10. Let v be m(-4). Calculate the highest common divisor of v and 20.
10
Let w(a) = -a**3 + 5*a**2 - 3*a - 4. Let r be w(4). Suppose i - 251 = -r*i. Let k = i - 123. What is the highest common divisor of 16 and k?
16
Let n be 23 + (3 - (3 - 1)) + -2. Calculate the greatest common divisor of n and 33.
11
Suppose -4*i = y - 375 - 348, -12 = -4*y. Calculate the highest common factor of i and 20.
20
Let x(t) = -5*t + 5. Let p be x(-9). Suppose 0 = b - 4*n - 2 - 20, -4*n = -4. Suppose 24*c = b*c - 20. Calculate the highest common factor of p and c.
10
Let q = 7 + -5. Let c be (3 - -21) + (-2 - q). Let k be 0/(-1 - -2) + 100. What is the highest common factor of k and c?
20
Suppose 2*j + 0*j - 118 = 0. Suppose 3*r = -2*r - 4*q - 225, -r = -2*q + j. Let b be (-14)/r + (-306)/(-7). What is the highest common factor of b and 11?
11
Suppose v + 5 = 0, -94 = c - 0*v - 4*v. Let l = c + 115. Calculate the highest common factor of l and 11.
1
Suppose -2*x = -3*x + 2*w + 16, 4*w = -4*x + 28. Suppose -5*m + x*m = 80. Suppose -4*a + m = -0*a. Calculate the greatest common factor of 4 and a.
4
Let s(p) = -p**3 + 11*p**2 + 6. Let b be s(11). Let y = 50 + -2. Calculate the greatest common divisor of y and b.
6
Suppose -58 - 167 = -5*j. Calculate the highest common factor of j and 75.
15
Suppose -11*v + 26*v = 6825. What is the greatest common factor of 35 and v?
35
Let u(y) = -y**2 + 5*y + 14. Let r be u(7). Suppose -3*h = -15 - r. Suppose 40 + 185 = h*s. Calculate the greatest common factor of s and 9.
9
Suppose -2*j + 8 = -a + 5*a, 0 = -5*j - 5*a + 15. Suppose 2*g + j*g + 2*f = 68, 4*g - 58 = 3*f. Let c = -12 + g. What is the greatest common factor of 28 and c?
4
Let l be 0 + -9 + 28 + -7. What is the highest common divisor of 48 and l?
12
Let v = -192 - -206. What is the greatest common factor of 112 and v?
14
Let q = -12 + 16. Suppose 5*w + q = -3*m - 36, 4*m - 3*w = -34. Let u = -1 - m. What is the greatest common divisor of u and 9?
9
Let f(g) = g**2 - 11*g - 15. Let j be f(24). Let m(z) = 4*z**2 - z - 7. Let n be m(-2). Calculate the highest common factor of j and n.
11
Let c(k) = 3*k**2 - 18*k + 99. Let s be c(5). Let b = -105 + 231. Calculate the highest common divisor of s and b.
42
Suppose -d = 3*q - 2, 0*q + q + 6 = 3*d. Suppose 0 = -d*u - 15 - 1. Let j be (-16)/((10/u)/5). What is the greatest common factor of 8 and j?
8
Suppose -6*c + 12 = -2*c. Suppose -6*x - b = -x - 244, 228 = 5*x - c*b. Suppose -p - p + 24 = 0. Calculate the highest common divisor of p and x.
12
Let g be (-80)/(-48)*-6*3/(-5). Calculate the highest common divisor of g and 8.
2
Suppose -m - 3*q + 9 = 0, -5*m + 4*q = -12 - 52. What is the greatest common divisor of m and 582?
6
Let k(y) = -2*y**2 + 17*y + 4 - 7*y + y**2. Let l be k(10). Suppose -l*t - 4*a = -28, -5*t + 0*t - 3*a = -41. Calculate the greatest common divisor of 4 and t.
2
Suppose r - 5*l - 212 = 0, -873 = -4*r - 12*l + 7*l. Calculate the greatest common divisor of 28 and r.
7
Suppose 2*n + 9 = n. Let j(b) = -b - 8. Let m(z) = z + 7. Let l(y) = -4*j(y) - 3*m(y). Let p be l(n). What is the highest common factor of p and 10?
2
Let p be 186*(42/12)/7. Calculate the highest common factor of 31 and p.
31
Let m = 29 - 19. Suppose -8*y - 37 = -52 - 225. What is the highest common divisor of m and y?
10
Suppose -3*y - 82 + 17 = -4*o, -o + y = -17. Suppose -2*b + 84 = 380. Let a = -50 - b. What is the highest common factor of a and o?
14
Let a(v) = -8*v + 51. Let q be a(2). Calculate the greatest common divisor of 91 and q.
7
Suppose -l = 3*t - 29, 0 = -t + 3*t + 5*l - 15. Let v = t + -7. Suppose 8 = -y + v*y. Calculate the highest common factor of 10 